{"id":2,"date":"2022-06-24T11:12:46","date_gmt":"2022-06-24T09:12:46","guid":{"rendered":"http:\/\/cnrh.fr\/?page_id=2"},"modified":"2022-09-02T11:14:03","modified_gmt":"2022-09-02T09:14:03","slug":"accueil","status":"publish","type":"page","link":"http:\/\/cnrh.fr\/","title":{"rendered":""},"content":{"rendered":"\n<p><\/p>\n\n\n\n<div class=\"wp-block-media-text alignwide has-media-on-the-right is-stacked-on-mobile\" style=\"grid-template-columns:auto 40%\"><figure class=\"wp-block-media-text__media\"><img loading=\"lazy\" decoding=\"async\" width=\"464\" height=\"769\" src=\"http:\/\/cnrh.fr\/wp-content\/uploads\/2022\/06\/test4-1.jpg\" alt=\"\" class=\"wp-image-53 size-full\" srcset=\"http:\/\/cnrh.fr\/wp-content\/uploads\/2022\/06\/test4-1.jpg 464w, http:\/\/cnrh.fr\/wp-content\/uploads\/2022\/06\/test4-1-181x300.jpg 181w\" sizes=\"auto, (max-width: 464px) 100vw, 464px\" \/><\/figure><div class=\"wp-block-media-text__content\">\n<p class=\"has-brand-dark-color has-text-color\">Fort d\u2019une exp\u00e9rience de plus de 10 ans dans les Ressources Humaines, notre centre d\u2019excellence et nos \u00e9quipes demeurent en capacit\u00e9 de vous accompagner dans l\u2019ensemble de vos projets.<\/p>\n\n\n\n<p class=\"has-brand-dark-color has-text-color\">Nous choisir, c\u2019est opter pour une prestation et un accompagnement complet de haute qualit\u00e9 bas\u00e9 sur des valeurs fortes.<\/p>\n\n\n\n<figure class=\"wp-block-image size-full is-resized\"><img loading=\"lazy\" decoding=\"async\" src=\"http:\/\/cnrh.fr\/wp-content\/uploads\/2022\/06\/test1-2.jpg\" alt=\"\" class=\"wp-image-50\" width=\"506\" height=\"92\" srcset=\"http:\/\/cnrh.fr\/wp-content\/uploads\/2022\/06\/test1-2.jpg 722w, http:\/\/cnrh.fr\/wp-content\/uploads\/2022\/06\/test1-2-300x55.jpg 300w\" sizes=\"auto, (max-width: 506px) 100vw, 506px\" \/><\/figure>\n\n\n\n<p class=\"has-brand-dark-color has-text-color\"><\/p>\n\n\n\n<p class=\"has-brand-dark-color has-text-color\">Rejoignez les nombreuses soci\u00e9t\u00e9s priv\u00e9es et publiques nous ayant fait confiance.<\/p>\n\n\n\n<figure class=\"wp-block-image size-full\"><img loading=\"lazy\" decoding=\"async\" width=\"926\" height=\"140\" src=\"http:\/\/cnrh.fr\/wp-content\/uploads\/2022\/06\/Test2-2.jpg\" alt=\"\" class=\"wp-image-51\" srcset=\"http:\/\/cnrh.fr\/wp-content\/uploads\/2022\/06\/Test2-2.jpg 926w, http:\/\/cnrh.fr\/wp-content\/uploads\/2022\/06\/Test2-2-300x45.jpg 300w, http:\/\/cnrh.fr\/wp-content\/uploads\/2022\/06\/Test2-2-768x116.jpg 768w\" sizes=\"auto, (max-width: 926px) 100vw, 926px\" \/><\/figure>\n<\/div><\/div>\n","protected":false},"excerpt":{"rendered":"","protected":false},"author":1,"featured_media":0,"parent":0,"menu_order":0,"comment_status":"closed","ping_status":"open","template":"home.php","meta":{"footnotes":""},"class_list":["post-2","page","type-page","status-publish","hentry"],"_links":{"self":[{"href":"http:\/\/cnrh.fr\/index.php\/wp-json\/wp\/v2\/pages\/2","targetHints":{"allow":["GET"]}}],"collection":[{"href":"http:\/\/cnrh.fr\/index.php\/wp-json\/wp\/v2\/pages"}],"about":[{"href":"http:\/\/cnrh.fr\/index.php\/wp-json\/wp\/v2\/types\/page"}],"author":[{"embeddable":true,"href":"http:\/\/cnrh.fr\/index.php\/wp-json\/wp\/v2\/users\/1"}],"replies":[{"embeddable":true,"href":"http:\/\/cnrh.fr\/index.php\/wp-json\/wp\/v2\/comments?post=2"}],"version-history":[{"count":13,"href":"http:\/\/cnrh.fr\/index.php\/wp-json\/wp\/v2\/pages\/2\/revisions"}],"predecessor-version":[{"id":175,"href":"http:\/\/cnrh.fr\/index.php\/wp-json\/wp\/v2\/pages\/2\/revisions\/175"}],"wp:attachment":[{"href":"http:\/\/cnrh.fr\/index.php\/wp-json\/wp\/v2\/media?parent=2"}],"curies":[{"name":"wp","href":"https:\/\/api.w.org\/{rel}","templated":true}]}}